d + 79. What is the tens digit of a?
4
Let x = -12 + -96. Let g = -48 - x. What is the units digit of g?
0
Let c = 29 - 15. Suppose -16 = -2*p + m, -2*p - m = p - c. Let u(i) = i**3 - 7*i**2 + 10*i - 6. What is the tens digit of u(p)?
1
Suppose -d + 97 = i - 0*d, -2*i - 4*d + 196 = 0. Let x = i + -6. What is the units digit of x?
0
Let o(v) be the first derivative of v**5/60 - 3*v**4/8 + 4*v**3/3 + v**2/2 - 1. Let l(z) be the second derivative of o(z). What is the units digit of l(9)?
8
Suppose -15*j + 19*j - 1976 = 0. What is the tens digit of j?
9
Let a = 3 - 1. Suppose 12 = -2*o + 20. Suppose 20 = 5*d, -q + 65 = a*q - o*d. What is the units digit of q?
7
What is the tens digit of 3 + 26*(9 + 72)?
0
Let u = 32 - 62. What is the units digit of u/(-4)*714/63?
5
Suppose 8*a - 5*a = 0. Let n(s) = -3*s + 1 + a - 4*s. What is the units digit of n(-4)?
9
Suppose 1205*s = 1214*s - 4050. What is the hundreds digit of s?
4
Let v(z) = 1 + 5*z**2 - 4*z**2 - 2*z**2 - 2 - 11*z. What is the tens digit of v(-6)?
2
Let t = 59 + -43. Suppose -t*r = -13*r - 15. What is the units digit of r?
5
Let p = -16 + 19. Suppose -4*a + p*a + 54 = 0. Suppose 5*f - 56 - a = 0. What is the units digit of f?
2
Let y be -1 + (0 + -2)/(-2). Let m = 9 - y. Suppose m = -2*l + 55. What is the tens digit of l?
2
Let v = 5309 - 2112. What is the units digit of v?
7
Suppose 3*f = -2*p + 4384, 0*p + 5*p - 2*f = 10960. What is the hundreds digit of p?
1
Let w(v) = 3*v**2 - 4*v - 266. What is the tens digit of w(23)?
2
Let p be (-15)/(-2)*10/15. Suppose -2*f + 76 = 3*m, -p*f + 0*m + 212 = 2*m. What is the units digit of f?
4
Let s be (6 + -3)*(-2)/(-3). Suppose -5*i + 0*o + 52 = s*o, 3*i = -o + 31. What is the tens digit of ((-5)/i)/(1/(-66))?
3
Suppose 5*x + 3148 = 3*q, 0 = 4*q + 2*x + 2*x - 4240. What is the tens digit of q?
5
Let x(l) = 199*l**3 + 1. Let y be x(1). Suppose 13*z = 9*z + y. What is the tens digit of z?
5
Suppose 3*a + 0*l + 3*l - 2679 = 0, -2679 = -3*a + 3*l. What is the units digit of a?
3
Let v(x) = 7*x**2 + 3*x - 22. Let r be v(-11). Suppose -3*k - r = -4*w - k, 5*w + 4*k = 964. What is the hundreds digit of w?
1
Suppose 0 = -9*n + 7*n. Suppose 7*j + 116 - 1061 = n. What is the tens digit of j?
3
Let p(h) = -4 + 4 + 6 + h - 1. Let d be p(-12). What is the units digit of (2/d)/((-2)/434)?
2
Let s be 3 - -33*(2 - 1). Let p = -24 + s. Suppose -5*b + 16 = 3*z, -2*b = z + z - p. What is the units digit of z?
7
What is the thousands digit of 12*(-2115)/(-10) - 1/1?
2
Let t be ((-4)/3)/(10/(-45)). What is the tens digit of (t/(-10) - 594/(-90))*23?
3
Suppose 0 = -2*d + 21 - 11. Suppose y + 14 = 5*z + 103, -d*z = -2*y + 158. What is the units digit of y?
9
Let y be (88 - 0) + (-12)/(-6). Let o = y - 29. Let r = o - 43. What is the units digit of r?
8
Let c = 25 + -21. What is the units digit of 1/(c + 243/(-61))?
1
Let w = -16 - -36. Suppose -18*s - 374 = -w*s. What is the units digit of s?
7
Let v = 1406 + -2. What is the tens digit of v?
0
Let b(x) = x**3 - 4*x**2 - 5*x - 2. Let w be b(7). Let d = 209 - w. What is the tens digit of d?
9
Let m = 180 + -12. Let f = -70 + m. What is the units digit of f?
8
Suppose 4*a - 1162 = -2*m, -4*a - m = -903 - 264. What is the tens digit of a?
9
Suppose -382 = -4*c - z, -2*c - 3*c = 3*z - 481. Let s be ((-4)/(-2))/((-2)/250*5). Let p = c + s. What is the units digit of p?
5
Let r(p) = -p**3 + 19*p**2 + 12*p + 32. Let v = -119 - -138. What is the tens digit of r(v)?
6
Let r = 197 + -131. Suppose -2*k = -3*k + r. What is the tens digit of k?
6
Let v(h) = -4*h**2 + 14*h - 9. Let c(l) = -l**2 + l - 1. Let q(s) = 3*c(s) - v(s). What is the units digit of q(14)?
8
Let v(n) be the second derivative of -n**5/20 - 2*n**4/3 - 4*n**3/3 + 3*n**2 + n. What is the hundreds digit of v(-9)?
1
Let q(l) = 2*l**2 - l + 6*l - 5 + 5 - 1. What is the tens digit of q(-5)?
2
Suppose -j - 3*q - 26 = j, -3*j - 5*q = 37. What is the tens digit of j/((-11)/2 - -5)?
3
Let u(o) = -2*o**3 - 2*o**2 + 9*o - 7. Let y be u(-5). Let p = 215 - y. What is the units digit of p?
7
Let r(n) = n**2 - 11*n + 14. Suppose 8*k - 4*k - 12 = 0. Let c(p) = 6*p - 6. Let a be c(k). What is the units digit of r(a)?
6
What is the tens digit of (9/(-3) - -4)*649?
4
What is the tens digit of (((-165044)/33)/(-11))/((-2)/(-3))?
8
Let t(g) = g**3 - 4*g**2 - 5*g - 3. Let m be t(5). Let j(u) = -3*u - 6. Let y be j(m). Suppose -a = 4*q - y - 9, 4*a = -5*q + 81. What is the tens digit of a?
2
Let u(k) = -k**3 + 15*k**2 + 91*k - 11. What is the units digit of u(17)?
8
Let k(o) = o**3 - 6*o**2 - 9*o - 22. What is the tens digit of k(10)?
8
Suppose 2*q = -3*p + 83 - 33, 24 = p - 3*q. Suppose -2*n - n = -p. Let l = 3 + n. What is the units digit of l?
9
Let y be (-4)/(-20) - (-132)/15. Let g = 20 - 14. What is the units digit of g - (y/(-3) + 4)?
5
Let n = 74 - 69. Suppose j - 2*j + 118 = 4*m, j = n*m + 82. What is the hundreds digit of j?
1
Suppose 4*y + 5*w = 3, -4 = -3*y + 4*w + 6. Suppose m + 4 = 0, -2*m = -y*i - 5*m + 100. What is the units digit of i?
6
Suppose -p - 4 = -6. What is the hundreds digit of (4 - 6)/(1*p/(-121))?
1
Suppose 5*g - 9 = 1. Suppose -335 - 49 = -g*j. What is the hundreds digit of j?
1
Suppose 11489 + 35171 = 20*n. What is the units digit of n?
3
Let o(f) = 4*f**2 + 32 - 5 - 15 - 8*f. What is the hundreds digit of o(6)?
1
Let l(p) = 11*p**2 + 28*p + 23. What is the tens digit of l(-7)?
6
Let b(j) = -95*j + 236. What is the hundreds digit of b(-8)?
9
Let d(z) = -z**3 - 7*z**2 - 9*z - 4. Let t be (-15)/60 - 46/8. What is the tens digit of d(t)?
1
Suppose -35 = -5*b - 3*h, -4*h + 3 = -4*b - 1. Suppose b*r - 12*r + 8 = 0. What is the units digit of r?
1
Let t(f) = -f**3 - 2*f**2 + 7*f + 10. Let h be (6/(-9))/(4/(-12)). Suppose -3*x - 4*v = -4, 0*x = h*x + 3*v - 4. What is the units digit of t(x)?
4
Let s = -795 + 1282. What is the hundreds digit of s?
4
Suppose -643 = -22*a + 611. What is the tens digit of a?
5
Let i(b) = -b**2 - 9*b + 10. Suppose -x = 18 - 11. What is the tens digit of i(x)?
2
Let k = -98 - -294. What is the units digit of k?
6
Suppose 12 = 3*p + p - b, 0 = -5*p + 3*b + 15. Let s(n) = -p*n**2 - 4 + 0*n**2 + 0*n**3 + 4*n + n**3 - 10*n. What is the units digit of s(5)?
6
Let n be -5 + -4 + 3 + 34. Suppose -5*i + 11 + 9 = 0. Suppose 0 = y - i - n. What is the units digit of y?
2
Let f(g) = g**3 + 13*g**2 + g + 17. Let u be f(-13). Suppose j = -5*s + 85, 0 = j + u*j - s - 451. What is the tens digit of j?
9
Suppose -418*k = -411*k - 16842. What is the thousands digit of k?
2
Suppose 12*v - 426 = 9*v. What is the tens digit of v?
4
Suppose -a + s = a - 12, -s = 2*a - 12. Suppose u = a*u. Suppose u = 4*i - 31 + 3. What is the units digit of i?
7
Let n(k) = 29*k**2 - 10*k - 31. What is the hundreds digit of n(-5)?
7
Suppose 2*g = 4*i + 62, 18*i = 3*g + 17*i - 118. What is the units digit of g?
1
Suppose -q + 5*p + 2236 = 0, -p + 0*p + 2212 = q. What is the units digit of q?
6
Let j be 1 - (-1*4)/(-4). Suppose 2*a - 8 = 4*o, -a + o = -j*o - 1. What is the tens digit of 26 + (2 + -4 - a)?
2
Let z = -1 + 5. Suppose 4 = -z*u + 24. Suppose -47 = -u*l - 2. What is the units digit of l?
9
Let j(n) = -2*n**2 + 12*n - 6. Let l be j(5). Suppose -l*i - 12 = 2*f - 310, -2*f - 2*i = -292. What is the hundreds digit of f?
1
Let j be 0 - (-6)/(-9)*-6. Suppose 4*p = -j*u + 180, 0*u + 177 = 4*u + 5*p. What is the tens digit of u?
4
Let u(y) = -9*y + 4. Let n be u(0). Suppose 123 = -4*m - x + 476, n*m + 4*x = 368. What is the tens digit of m?
8
Suppose -3*m - s + 6 = 0, -m - 2*s = m. Suppose 3*v + m*y + 4 = -2*y, -5*v = -4*y - 18. Suppose 0 = v*l + l - 6. What is the units digit of l?
2
Let f(u) = 68 + u - 11 - 31. What is the tens digit of f(19)?
4
Let u = -41 + 13. Let x = u - -47. Let p = x + 16. What is the units digit of p?
5
Suppose -2*q + 3*q = 2. Suppose 0 = 2*c - q*a - 348, c - 5*a - 222 + 52 = 0. What is the hundreds digit of c?
1
Let z = 272 + -105. What is the units digit of z?
7
Let o be (-28)/3*21/(-14). What is the units digit of 140/49*o/4?
0
What is the hundreds digit of -626*(-9 + (-85)/(-10))?
3
Suppose 0 = -3*s - 4*v + 2093, -5*s + v = -v - 3497. What is the units digit of s?
9
Let z(t) = 47*t + 53. What is the hundreds digit of z(4)?
2
What is the units d